p**2 + p - 13. Let d(i) = -i**3 - i**2 + i - 6. Let c(t) = 5*d(t) - 2*l(t). What is the units digit of c(4)?
6
Let k = 13 + -5. Suppose -s + 5*s - k = 0. What is the tens digit of 32 + s - 10/5?
3
Suppose 0 = 2*x - 2*p - 954 - 5528, 5*x - 4*p - 16209 = 0. Suppose 3*z = -8*z + x. What is the hundreds digit of z?
2
Let q = -9 + 0. Let c = q - -41. What is the tens digit of c?
3
Let k = -126 - -856. What is the tens digit of k?
3
Suppose -10*k + 16700 = -2800. What is the units digit of k?
0
What is the thousands digit of (-10)/(-15) + (-729768)/(-117)?
6
Let q be 131 - 0 - (3 + -6 - -6). Suppose 2*u - q = 36. What is the tens digit of u?
8
Suppose -n - 1 + 0 = -5*s, -s = 5*n + 5. Suppose 4*d - 5*y - 84 = -s*y, y - 21 = -d. What is the units digit of d?
1
Let r = -206 - -460. What is the hundreds digit of r?
2
Let k(b) = b**2 - 5*b - 5. Let m = 37 + -22. Let w = 21 - m. What is the units digit of k(w)?
1
Let p(h) be the first derivative of -h**2/2 - 10*h - 6. Let i be p(-10). Suppose i*r - 3*o + 86 = 4*r, 0 = -5*r - o + 113. What is the tens digit of r?
2
Let m = -18 - -14. Let z(b) = b**2 + 6*b + 10. Let u be z(m). Suppose -a + 76 = 4*g + a, 55 = 3*g + u*a. What is the tens digit of g?
2
Let k = -874 - -1375. What is the tens digit of k?
0
Let k be 4/(-2) + (-28)/(-7). Let b(c) = -2*c + k*c - 6*c + 4*c + 54. What is the tens digit of b(0)?
5
Suppose o + 0 = -4*k + 23, 0 = 3*k - 2*o - 20. Suppose -k*x = -69 - 273. What is the tens digit of x?
5
Let o be -2*7/((-7)/(-2)). Let p be (-8)/(-6)*(-6)/o. Suppose 3*j = 2*l - 63, 0 = 4*j + p + 2. What is the tens digit of l?
3
Suppose 2*t = 6, 5*g = -2*t + 1271 + 1785. What is the tens digit of g?
1
Let j(p) be the first derivative of p**5/60 - p**4/12 - p**3/6 + 7*p**2/2 + 5. Let u(l) be the second derivative of j(l). What is the units digit of u(3)?
2
Let q = 9 - 4. Suppose 3*t + q*p = -t + 5, 4*t = p + 23. Suppose -t*g - 15 + 97 = -2*z, -84 = -5*g + 4*z. What is the units digit of g?
6
Suppose -15 = -5*w + 3*l + 7, 4*w + 3*l + 4 = 0. Suppose w*o + 496 = 4*o - 2*b, 233 = o + 2*b. What is the tens digit of o?
4
What is the units digit of 351 - (-7 + 6 + -4)?
6
What is the units digit of 872 - ((-1 + -6 - -14) + -4)?
9
Let l(b) = 304*b + 9. What is the tens digit of l(2)?
1
Suppose 1414*j - 580 = 1413*j. What is the hundreds digit of j?
5
Suppose x + 1 = -d + 2*d, -5*d + 9 = -3*x. What is the units digit of 1272/16 + 1/x?
0
Suppose -2*t + 6 = -0*t. Suppose -13 + 4 = t*k. Let c(p) = -3*p - 4. What is the units digit of c(k)?
5
Let x = -18 - -24. Let j be (6/(-7))/(x/(-126)). Suppose q - 15 = j. What is the units digit of q?
3
Let b = 20 - 17. Suppose 2*s + 3*h - 65 = s, 0 = -b*s - 3*h + 207. What is the tens digit of s?
7
Suppose -16 = 5*k - 4*b, -2*k + 2*b - 2 - 6 = 0. Let l(s) = 2*s**3 + 0*s**3 + 10*s**2 - 11*s + k*s**3 - s**3 + 5. What is the units digit of l(-11)?
5
Let f(s) = 4*s**2 - 13*s - 41. What is the tens digit of f(-5)?
2
Let h(l) = 5*l**2 - 1 - 2*l**2 + 3 + l**3 + l. Let s be h(-4). What is the units digit of s/27 + 95/3?
1
Let h = 138 + -124. What is the tens digit of h?
1
Suppose 0 = -3*z + 4*s + 400 + 835, -4*z - 2*s = -1676. What is the tens digit of z?
1
Let d(h) = h - 5. Suppose 4*k + 4*q - 28 = 0, 8 + 7 = 5*k - 5*q. Let g be d(k). What is the units digit of g + 1/(-1) + 24?
3
Suppose 532 - 6082 = -6*v. What is the hundreds digit of v?
9
Let r(o) = 2*o**3 - 4*o**2 - 7*o + 1. Suppose 4*m - 5 = 15. What is the units digit of r(m)?
6
Suppose 3627 = -m - 2949. What is the units digit of -2 + 21/6 - m/32?
7
Let a be (8 - 6)*(-2 - -4). Suppose -a*h - 84 - 121 = 3*x, -2*h = 5*x + 113. What is the units digit of (-231)/h - 2/(-7)?
5
What is the units digit of 647924/430 - (-1)/5?
7
Suppose 0 = -y - 4*j - 8, 1 = -y + 2*y + j. Suppose -2*w + 4*w - 6 = 0. Suppose -w*n + 2 = -y. What is the units digit of n?
2
Suppose 7*r = 2*r + 2*q + 859, 0 = 3*r - 3*q - 519. Let w = r - 84. What is the tens digit of w?
8
Suppose f + 18 = 259. What is the hundreds digit of f?
2
Suppose 4*u = -3*c + 5206, 6*c - 11*c = -10. What is the units digit of u?
0
Suppose -8 + 2 = -3*h + 3*u, 4*u + 2 = h. Suppose -h = -v + 1. What is the units digit of (v + 15)/2 + 3?
2
Suppose 5*z - p = -5*p + 7454, p = 2*z - 2979. What is the hundreds digit of z?
4
Let r(y) be the third derivative of 11*y**6/120 + y**5/30 + y**4/24 + 8*y**2. Let m be r(-1). Let f = m - -23. What is the tens digit of f?
1
Let i = -29 + 32. What is the units digit of 48 + i + 2 + -3?
0
Let b = -173 - -277. What is the tens digit of b?
0
Let v be (-4)/(-2)*(-12 - 4). Let t be 2/(-8) - 1224/v. Let l = -14 + t. What is the tens digit of l?
2
Let t(w) = 3*w**2 + 2*w - 2. Let s(i) = -i**2 - 2*i. Let u be s(2). Let n = 5 + u. What is the tens digit of t(n)?
1
Suppose -5918 = -5*z - 2*l - 0*l, -2 = 2*l. What is the thousands digit of z?
1
Let i(p) = p + 3 - 1 - 3 - 5*p**2 + 6*p**2 + 3*p**3. Let h be i(1). Suppose 0*s = -h*s + 80. What is the units digit of s?
0
Let q(l) = -25*l - 2. Let m(j) = -j. Let i(v) = 2*m(v) - q(v). Let u be i(2). Suppose -2*a + 3*a = 4*p - 177, p + a - u = 0. What is the tens digit of p?
4
Let r(a) = a**2 - 17*a - 19. Let t be r(10). Let u = t - -98. What is the units digit of u?
9
Let n be (-8)/12 - (-10)/6. Let m(y) = n - 10*y + 3 - 4 - 4 + y**2. What is the units digit of m(12)?
0
Let c be (-6)/9 - 17/(-3). Suppose 307 = c*n - 4*i, n + i = -n + 115. What is the units digit of n?
9
Let d = 132 + -52. Suppose 2*q - d = 72. What is the tens digit of q?
7
Suppose 3*g - a - 12 = 0, -3*g = -7*g - 2*a + 26. Suppose s = -5*x + 27 + 32, 0 = -5*s - g*x + 255. What is the tens digit of s?
4
Let f(t) = t**3 + 3*t**2 - 3*t - 4. Let c be f(-3). Suppose c*u - u = 336. What is the units digit of u?
4
Suppose 7*o - 12*o = 0. Suppose o*h - h = -78. What is the units digit of h?
8
Suppose -b = -2*b - t + 3, -2*b - 4*t = -12. Let g be (3 - -2) + -1 - b. Let l(u) = 14*u - 10. What is the units digit of l(g)?
6
Let a(v) = 19*v - 7. Let u be a(-3). Let d = u - -113. What is the units digit of d?
9
Let k(h) = -2*h**3 + 9*h**2 - 7*h + 2. Let w be k(6). Let i = w - -272. What is the tens digit of i?
2
Let i(l) = -365*l - 7. Let j be i(-1). Let p = -255 + j. What is the tens digit of p?
0
Let u be (-3 + -2 + 27)*14/4. Suppose -u = -n + 5*j, -n - 3*j = 17 - 110. What is the tens digit of n?
8
Let h(w) = -w**3 + 8*w**2 + 8*w + 10. Let f be h(9). Let s(m) = 19*m + 3. Let c(x) = -38*x - 7. Let u(y) = 2*c(y) + 5*s(y). What is the units digit of u(f)?
0
Let o = -327 + 311. Suppose 3*w = 8*w - 170. Let c = o + w. What is the units digit of c?
8
Let t(o) = -o**3 - 6*o**2 - 8*o - 4. Let u be t(-5). Let l = 22 + u. What is the units digit of l?
3
Suppose 0 = -377*w + 379*w + 2*t - 3594, 7208 = 4*w - t. What is the tens digit of w?
0
Let x(q) = q**2 + 7*q + 1. Let n be x(-10). Let l = n - 21. Suppose -15*z + 95 = -l*z. What is the tens digit of z?
1
Let q be (8 + -11)*4/(-6). Suppose -87 = -q*t + r + 37, 3*r = -5*t + 299. Suppose -3*x - 2*o + t = 0, -2*x + 5*o + 43 = -x. What is the tens digit of x?
2
Suppose -4104 = -u - 7*u. What is the tens digit of u?
1
Suppose -4*i + 83 + 81 = 0. Suppose -5*v - 8 = -2*p, p - 6*p = -2*v - i. What is the units digit of 9/27*1*p?
3
Let u = -530 + 808. What is the units digit of u?
8
Suppose -5*l = -3*i - i - 8263, 6632 = 4*l + 4*i. Suppose 13*r - l = 308. What is the units digit of r?
1
Let u(b) be the first derivative of b**4/4 - 3*b**3 + 4*b**2 + 7*b - 2. Suppose 23 = r - 3*d, d - 4*d = 4*r - 17. What is the units digit of u(r)?
7
Let a(m) = 18*m + 4. Let q(n) = n. Let y(i) = a(i) + 8*q(i). What is the units digit of y(7)?
6
Let f(q) = 6*q - q**2 - 26 - 6*q + 15*q. Let j(k) = -11*k - 66. Let s be j(-7). What is the tens digit of f(s)?
1
Suppose 2*v = -5*q + 8756, 3*q - 8*q + 8764 = -2*v. What is the units digit of q?
2
Suppose 4*s + 192 = 28*s. Let o be 1/(-4) + (-17)/(-4). Suppose -o*z = -s*z + 28. What is the units digit of z?
7
What is the hundreds digit of 26814/27 + 1/(-9)?
9
Suppose -9*a + 11*a - 4402 = -3*i, -5836 = -4*i + 4*a. What is the hundreds digit of i?
4
Suppose -67*t + 57*t = -4110. What is the hundreds digit of t?
4
Let u be 216*((-105)/6)/(-5). Suppose -4*h + u = -116. What is the hundreds digit of h?
2
Let r(j) =